e prime factors of p.
2, 5, 7
Let r be 4 - (3/(-18))/((-27)/(-162)). Let n(p) = 113*p + 1. Let j be n(3). Suppose r*y = -k + 350, -5*y = 2*k + k - j. List the prime factors of y.
71
Suppose -d - 970 = -2*p, 0 = -3*p + 3*d + 844 + 608. Let n = p - 357. List the prime factors of n.
3, 43
Let v(q) = 11*q**3 - 11*q**2 + 10*q + 210. What are the prime factors of v(11)?
2, 5, 29, 47
Suppose 0 = -303*y + 297*y + 24. Suppose 5*t + 2734 - 823 = 4*x, y*x - 1916 = 4*t. List the prime factors of x.
2, 11
Let o = -316 + 90. Let m = 97 - o. What are the prime factors of m?
17, 19
Let u(a) = -35*a + 5. Let c(m) = m**2 + 7*m + 7. Let b be c(-5). Let y be u(b). Suppose -270 = 107*f - y*f. What are the prime factors of f?
2, 3, 5
Let q = 15630 - 8319. List the prime factors of q.
3, 2437
Let n = 109895 - 76672. List the prime factors of n.
33223
Let d be 78/12 + -6 + (-87)/2. Let y = -38 - d. Suppose 0 = n + 2*i - 68, -y*i = 3*n - 171 - 33. What are the prime factors of n?
2, 17
Suppose 0 = 5*t + 2*j - 32685, -5*t - 9*t = -4*j - 91566. What are the prime factors of t?
13, 503
Let f be 8/(-12 + 8)*366/(-4). Let m = f + 78. What are the prime factors of m?
3, 29
Let r be (1 + 0 - -1)*(2 + 794). Let z = 2608 - r. What are the prime factors of z?
2, 127
Let v be (4 + (-28)/8)*-2. Let j be 0 + (-3 - -5 - v/1). Suppose b - 2*y - 60 = -j*y, -5*b + 3*y + 292 = 0. What are the prime factors of b?
59
What are the prime factors of (-14 - -2 - 5) + 11 + 13752?
2, 3, 29, 79
Let r(a) = 1310*a + 28. Let s(i) = -437*i - 9. Let h(f) = -2*r(f) - 7*s(f). List the prime factors of h(2).
3, 5, 59
Suppose 4*w + 18 - 42 = 0. Suppose 0 = w*d - 9*d + 249. Suppose -85*v + 112 = -d*v. What are the prime factors of v?
2, 7
Let j(m) = 5*m**2 + m - 4. Let p = 75 + -84. Let y be j(p). Suppose 0 = 11*n - 15*n + y. List the prime factors of n.
2, 7
Suppose 84 = -23*g - 8. Let a(i) = 16*i**2 + 9*i - 16. List the prime factors of a(g).
2, 3, 17
Suppose 2 = 6*y - 10. Suppose -j + 456 = y*p, p + 30 - 253 = -3*j. List the prime factors of p.
229
What are the prime factors of -3*((-2479136)/12)/22?
2, 7043
Suppose -140*a + 168*a - 177819 - 728737 = 0. List the prime factors of a.
32377
Let t(q) be the second derivative of 59*q**3/3 + 129*q**2 - 3*q + 8. List the prime factors of t(11).
2, 389
Let g = 7 + -1. Let u(s) be the first derivative of s**3 - 3*s**2/2 - 3*s - 20. What are the prime factors of u(g)?
3, 29
Let p = 145851 + -79198. What are the prime factors of p?
66653
Suppose 0*z - 4*z - 2451 = 3*s, -5*s - 3*z = 4085. Let u = s + 1410. What are the prime factors of u?
593
Suppose -24 = 34*b - 36*b. Let l(a) = b + 7 - a**3 - 7 + 10*a**2 + 5*a + 0. List the prime factors of l(10).
2, 31
Let v(h) = -1246*h - 16835. List the prime factors of v(-31).
7, 11, 283
Let d(z) = -146*z**2 + 11*z - 23. Let i = -46 + 49. Let t be d(i). What are the prime factors of (t/32)/((-1)/4)?
163
Suppose -16*j + 5*h + 42384 = -12*j, 2*h = 4*j - 42396. List the prime factors of j.
10601
Let u(r) = 1251*r + 27. What are the prime factors of u(4)?
3, 13, 43
Let a = 10856 - -26512. What are the prime factors of a?
2, 3, 173
Let q(d) = -32*d + 196. Let a be q(6). Suppose 0 = -5*x - a*r + 7384, -3*r - 73 + 3028 = 2*x. List the prime factors of x.
2, 3, 41
Let d be (-4)/(-3 - 2/(-1)). Suppose 3000 = 9*u - 4*u. Suppose -w + u = d*w. What are the prime factors of w?
2, 3, 5
Let g = -80 + 93. Suppose g*k - 4*k = -2376. Let b = -66 - k. What are the prime factors of b?
2, 3, 11
Let s(j) = j**2 - 8*j - 6. Let h be s(9). Let c(f) = 131*f - 32. What are the prime factors of c(h)?
19
Suppose -6*t + 5*t = 2*d + 1, 21 = -2*d - 5*t. Suppose d*k - 86 = 126. List the prime factors of k.
2, 53
Let d = 120 + -119. Suppose -b + d = -3*q + 3, 3*q = 4*b - 10. Suppose q*j - 302 = -3*g, 2*g - 90 - 98 = 2*j. List the prime factors of g.
2, 7
Let o be (-2 + 0/4)/((-4)/(-8)). Let c(s) = 15*s + 31. Let q(k) = 16*k + 31. Let g(f) = o*q(f) + 3*c(f). What are the prime factors of g(-10)?
3, 53
Let y(a) be the second derivative of 61*a**3/3 - a**2 - 11*a. Let s be y(-2). What are the prime factors of s/(-22) + (-2)/11?
11
Let r = -11 - -41. Suppose r + 78 = 9*c. List the prime factors of (45/c)/(21/616).
2, 5, 11
Suppose 62 = 2*j + 29*j. Suppose 841 = j*z + f, 6*f - 12 = 10*f. List the prime factors of z.
2, 211
Let b = -229 + 183. Let m = b + 456. What are the prime factors of m?
2, 5, 41
Let f be -3*5*(-2)/(-40)*-4. Suppose -3*a = k - 1026, 11*a - 13*a + 695 = -f*k. What are the prime factors of a?
7
Suppose w = 3*q + 3995, 9745 = 2*w + 4*q + 1685. List the prime factors of w.
2, 251
Suppose -4*b + 3*y + 17 = 0, 0 = -y + 2*y - 1. Suppose -b*q + 3 = -2*q. Suppose -c + 2*j - 3 = 0, -2*c - j - q = -4*j. What are the prime factors of c?
7
Let n(g) = -g - 5. Let t be n(19). Let k = t + 24. Suppose k = u - 55 + 5. List the prime factors of u.
2, 5
Suppose -b - j = -4, -b + 12 = b - 2*j. Suppose -5*u + u + 14 = -n, -16 = 2*n - b*u. Suppose z = -2*y + 191, n*y + 3*z = -z + 194. List the prime factors of y.
5, 19
Let f(c) = 10*c**2 - c + 2. Let j be (-78)/(-4)*42/63. Suppose -3*q + 0 = 4*m - j, 2*q = -m + 7. What are the prime factors of f(q)?
89
Suppose -10*j = 5*j - 225. Suppose -84 = j*i - 8*i. Let n = i - -44. List the prime factors of n.
2
Let g be ((-1 - 1) + 3)*-11. Let x = -27 - -46. Let j = g + x. List the prime factors of j.
2
Suppose 0 = -36*s + 40*s - 10728. What are the prime factors of s?
2, 3, 149
Suppose -4857*v + 4945*v = 2554816. What are the prime factors of v?
2, 19, 191
Let d(l) = 24*l - 62. Let k be 1 + (-6)/2 - -4*3. What are the prime factors of d(k)?
2, 89
Suppose 3*s = 12*s - 1890. What are the prime factors of 2/(1475/s + -7)?
2, 3, 7
Let j = 19841 - 12366. List the prime factors of j.
5, 13, 23
Suppose s = -5*z + 45873, -212*z = -216*z - 4*s + 36692. What are the prime factors of z?
5, 367
List the prime factors of (45/(-60))/(12/(-155728)).
9733
Suppose 3*i - 272 = 106. Suppose 0 = 2*t - 4*h - i, t = -0*h - 2*h + 67. Let r = t - 27. What are the prime factors of r?
2, 19
Let c = 4577 + -2937. Suppose 4678 + c = 6*g. List the prime factors of g.
3, 13
Suppose 0 = -2*y + 3*w + 1956, 2*w - 439 = -2*y + 1517. Suppose n - a - y = 0, -4*n + 3917 = -26*a + 21*a. What are the prime factors of n?
7, 139
Suppose 3*f = 5*x + 4924, 7*x - 3*x - 16 = 0. Suppose -249*v = -253*v + f. List the prime factors of v.
2, 103
Suppose 5*g = -4*q + 1551, 0 = -4*g - 21*q + 17*q + 1240. Suppose g = 3*d - 5*s, d - 3*s - 125 = -24. List the prime factors of d.
107
What are the prime factors of (-9 + 275/33)*(-3 + 930111/(-14))?
44293
Let x = 49 + -44. Suppose x*j - 701 = -2*h, 4*j + h - 387 = 172. Suppose y = -k - y + j, k - 5*y = 118. List the prime factors of k.
7, 19
Let g be 4215/35 + 12/21. Let c be (-3)/(2*3/(-6)). Suppose c*j = -4*q + 113 + g, j - 298 = -5*q. What are the prime factors of q?
2, 3, 5
List the prime factors of ((-1063796)/(-230))/((-4)/(-10)).
31, 373
Let l be -5*2/(-55) - 320/(-55). List the prime factors of (-8)/(-16)*(l*576)/4.
2, 3
Let t be ((-9)/15 - (-28)/30)*21. Let s(o) = 159*o - 115. List the prime factors of s(t).
2, 499
Suppose 4*s + 3*u = 716, -4*s + s + 544 = 4*u. Let z be -3 + 3 + (2 + -4)*-2. Suppose s = z*x - 2*x. List the prime factors of x.
2, 11
Suppose 718*u = 381*u + 358*u - 113694. List the prime factors of u.
2, 2707
Suppose -40 = -5*s + 5*i, s = 4*i - 5*i - 2. Suppose -3*a = -s*t + 3330, -3*a - 728 = -t + 384. What are the prime factors of t?
1109
Suppose 0 = 2*n - 5*j - 13589, 58*j - 54*j - 13598 = -2*n. What are the prime factors of n?
7, 971
Suppose 2*v - 29 = -19. Suppose 0 = -23*a + 20*a + 15, v*q + 4*a = 2525. List the prime factors of q.
3, 167
Suppose 0 = -44*n + 65*n - 318381. What are the prime factors of n?
15161
Let w(l) be the second derivative of 160*l**3/3 - 14*l**2 + 191*l. List the prime factors of w(2).
2, 3, 17
Suppose -122*x + 2597 = -129*x. Let g = x - -694. List the prime factors of g.
17, 19
Let d(r) be the second derivative of -1/6*r**3 + 8*r + 4/3*r**4 + 0 + 1/2*r**2. List the prime factors of d(1).
2
Let g = 17569 - 11468. List the prime factors of g.
6101
Let o(i) = i**3 - 20 - 15 + 34*i + 13 - 27*i**2 - 37. Let z be o(26). Let y = 251 - z. List the prime factors of y.
2, 3, 17
Let